).
28
Let b(a) = 2*a**3 - a**2 + 63*a - 5034. What is b(13)?
10
Let t(x) = 5*x**2 + 112*x + 9. Give t(-22).
-35
Let v(a) = -a**3 + 134*a**2 + 2102*a - 11. Calculate v(-14).
-431
Let r(m) = 18*m - 288. Determine r(-20).
-648
Let j(b) = 2*b**3 + b**2 - 208*b + 218. Determine j(-14).
-2162
Let k(l) = -2*l**3 - 540*l**2 + 96*l + 25809. Give k(-270).
-111
Let i(f) = 8*f**3 - 654*f**2 - 700*f - 43. Calculate i(-1).
-5
Let r(f) = -6944*f - 2354024. What is r(-339)?
-8
Let g(q) = -2*q**3 - 66*q**2 + 16*q - 139. Calculate g(-34).
1629
Let n(b) = 508786*b + 3561510. Give n(-7).
8
Let k(c) = 6544*c + 6892. Determine k(-1).
348
Let v(b) = 799*b - 14847. Determine v(19).
334
Let w(f) = -f**2 + 29500*f - 3584097. Calculate w(122).
19
Let u(q) = 3*q**3 - 67*q**2 - 138*q + 535. What is u(25)?
2085
Let s(d) = -1174*d - 128031. Give s(-109).
-65
Let r(q) = -q**3 + 263*q**2 - 632*q + 96947. Calculate r(262).
7
Let k(y) = -162*y + 1338. What is k(30)?
-3522
Let z(f) = -1391*f + 34768. Determine z(25).
-7
Let s(n) = -n**3 - 32*n**2 - 172*n - 73. Determine s(-5).
112
Let x(p) = -3*p**3 + 50*p**2 + 7*p - 1945. Determine x(13).
5
Let g(b) = 1102*b + 920. Determine g(0).
920
Let d(m) = m**3 - 716*m**2 - 24680*m - 27712. What is d(749)?
1
Let c(k) = 5*k**3 + 1142*k**2 - 19031*k + 245. What is c(-244)?
1
Let k(d) = -6*d**3 + 452*d**2 + 281*d + 1763. Calculate k(76).
15
Let a(o) = -3*o**3 - 18*o**2 - 79*o + 18. What is a(-7)?
718
Let k(t) = 2*t**3 - 1083*t**2 + 6971*t - 8559. Determine k(535).
1
Let c(s) = -14*s**3 + 14*s**2 + 45*s - 158. Determine c(4).
-650
Let c(q) = -q**2 + 55246*q + 718371. Determine c(-13).
4
Let j(p) = 2*p**2 - 225*p - 344. Calculate j(113).
-231
Let x(q) = -8*q**3 - 691*q**2 - 251*q + 606. Give x(-86).
4
Let f(s) = 3*s**3 + 1352*s**2 - 1805*s + 1360. Determine f(-452).
4
Let l(y) = 24272*y + 48490. What is l(-2)?
-54
Let m(k) = 30*k**2 + 182*k + 17. Give m(-10).
1197
Let v(m) = -7*m**3 - 11*m**2 + 301*m - 289. Determine v(1).
-6
Let b(o) = 28*o**3 + 42*o**2 + 226*o + 251. Determine b(-4).
-1773
Let k(z) = 30*z**3 - 106*z**2 - 631*z - 6. Determine k(-6).
-6516
Let n(w) = -859*w + 8841. What is n(11)?
-608
Let o(w) = -58295*w + 5129814. Calculate o(88).
-146
Let u(p) = p**2 + 147*p + 4329. Give u(-85).
-941
Let i(k) = 403*k - 62412. Calculate i(155).
53
Let i(d) = -d**3 + 10*d**2 + 44*d - 486. Calculate i(9).
-9
Let m(s) = 2*s**3 + 21*s**2 - 14*s + 158. What is m(-11)?
191
Let c(d) = d**3 - 2*d**2 - 4*d - 307. Calculate c(10).
453
Let a(q) = 43033*q - 4776665. What is a(111)?
-2
Let p(a) = -40*a**3 + 1479*a**2 + 64*a - 1060. Calculate p(37).
-61
Let d(n) = 9917*n - 89126. Give d(9).
127
Let x(m) = 2*m**2 + 1175*m - 115847. What is x(86)?
-5
Let x(k) = k**3 + 562*k**2 - 10434*k - 36. Calculate x(18).
72
Let p(a) = 364919*a - 20800373. Give p(57).
10
Let m(l) = -14*l**2 + 11004*l - 130030. What is m(774)?
2
Let j(z) = 2*z**2 - 42*z - 1689. Give j(43).
203
Let l(n) = -58*n + 5899. Determine l(95).
389
Let x(v) = 104*v**2 + 800*v + 576. Give x(-7).
72
Let g(t) = 51*t**2 - 195*t - 160. Give g(5).
140
Let s(t) = 29*t**3 + 8*t**2 + 10*t - 73. Give s(-3).
-814
Let q(s) = -15*s**2 + 673*s - 39. Calculate q(44).
533
Let i(f) = 4*f**2 - 3718*f - 4539327. Determine i(1627).
3
Let a(c) = -c**2 - 2585*c - 188253. Give a(-75).
-3
Let d(f) = 109*f**2 + 2301*f - 91. Give d(-21).
-343
Let n(b) = -b**3 - 267*b**2 - 15838*b - 317. Determine n(-89).
-673
Let u(o) = 46347*o + 324482. Calculate u(-7).
53
Let k(j) = 493*j**2 - 2504*j - 10. Calculate k(5).
-205
Let z(h) = 6*h**3 + 7*h**2 + 2198*h - 4425. Give z(2).
47
Let t(r) = -20*r**3 - 25*r**2 + 74*r - 230. What is t(3)?
-773
Let v(i) = -2747*i - 178631. Determine v(-65).
-76
Let h(b) = -16*b**2 + 217*b + 11542. What is h(34)?
424
Let w(o) = o**3 - 8*o**2 - 2891*o + 20191. Determine w(7).
-95
Let a(k) = 179*k**2 - 997*k - 11. Calculate a(6).
451
Let p(x) = -x**2 - 256*x + 32730. What is p(95)?
-615
Let b(y) = -y**3 + 2*y**2 - 58*y + 158. Calculate b(4).
-106
Let i(c) = -c**3 + 34*c**2 - 103*c + 7787. Determine i(37).
-131
Let j(d) = -93*d**2 + 77*d - 189. Give j(2).
-407
Let h(a) = 29*a**2 + 67*a + 2. Determine h(-2).
-16
Let k(g) = -35*g**3 + 10*g**2 - 17*g - 4. What is k(3)?
-910
Let f(i) = -894*i + 493756. Determine f(552).
268
Let n(y) = 31*y**2 + 4100*y + 1067. Calculate n(-132).
11
Let c(v) = 6*v**3 + 320*v**2 - 917*v - 54226. Determine c(-53).
-7
Let l(n) = 12244*n + 5056647. Determine l(-413).
-125
Let s(v) = -4*v**2 + 272*v + 1933. What is s(-7)?
-167
Let c(y) = -4*y**3 + 32*y**2 + 367*y + 704. Determine c(-3).
-1
Let s(j) = -3*j**3 + 246*j**2 - 706*j - 374. Determine s(79).
21
Let n(w) = -w**2 + 3558*w + 1600441. Determine n(-404).
-207
Let j(y) = -2*y**3 - 16*y**2 + 3664*y + 52. What is j(39)?
-26
Let l(d) = -15*d**2 + 3128*d - 25608. Give l(200).
-8
Let c(n) = n**3 - 1422*n**2 + 128512*n + 17205. What is c(1325)?
-20
Let o(s) = -11722*s - 23456. Determine o(-2).
-12
Let k(j) = 14*j - 310. Calculate k(16).
-86
Let h(k) = k**3 + 12*k**2 - 25*k - 22. What is h(-17)?
-1042
Let n(c) = -23*c**3 + 54*c**2 + 67*c - 1. Give n(-1).
9
Let v(z) = 425780*z + 2128910. Give v(-5).
10
Let v(c) = -3008*c + 2998. Calculate v(2).
-3018
Let c(j) = 4*j**3 + 14*j**2 + 6*j - 143. Give c(6).
1261
Let r(h) = -h**3 - 33*h**2 - 1463*h - 48240. Determine r(-33).
39
Let o(k) = -k**3 + 61*k**2 + 1135*k + 234. Give o(76).
-146
Let a(j) = 272*j + 1473. Determine a(-8).
-703
Let c(t) = 1125*t + 18097. Give c(-17).
-1028
Let r(f) = f**2 + 29*f - 588. Determine r(-31).
-526
Let a(f) = -163*f**2 + 107*f + 4. What is a(1)?
-52
Let a(o) = -3369*o - 33083. Calculate a(-11).
3976
Let u(w) = w**3 + 17*w**2 - 240*w + 84. Give u(-28).
-1820
Let s(n) = 79*n**2 + 1281*n + 4908. Determine s(-10).
-2
Let k(o) = o**3 + 52*o**2 + 230*o + 6396. Calculate k(-50).
-104
Let a(v) = 5012*v - 285699. Give a(57).
-15
Let b(j) = 17273*j + 829095. Calculate b(-48).
-9
Let a(x) = -2*x**3 + 4*x**2 - 22*x + 415. What is a(6)?
-5
Let l(h) = h**2 + 684*h + 19018. Determine l(-30).
-602
Let l(b) = 15*b**2 - 32*b - 982. What is l(10)?
198
Let v(l) = -l**2 - 317343*l - 2538679. Give v(-8).
1
Let z(g) = -44*g + 1904. Calculate z(42).
56
Let b(r) = 77*r**2 + 6390*r - 75. Calculate b(-83).
8
Let z(g) = -632*g + 12246. Calculate z(22).
-1658
Let l(z) = z**3 - 182*z**2 - 4704*z + 354. What is l(-23)?
101
Let p(d) = -d**2 - 280*d + 10596. What is p(34)?
-80
Let t(y) = -8661*y - 476404. What is t(-55)?
-49
Let o(a) = -14854*a - 44522. Give o(-3).
40
Let a(x) = -1911*x - 158570. Give a(-83).
43
Let b(y) = 12782*y + 319324. Determine b(-25).
-226
Let p(i) = -i**2 - 122*i - 870. Calculate p(-7).
-65
Let w(m) = 390*m + 2081. Determine w(-8).
-1039
Let v(z) = 5*z**2 + 11482*z + 68829. Give v(-6).
117
Let y(c) = -c**3 + 10*c**2 + 1998*c + 92. Determine y(50).
-8
Let d(q) = 5*q**3 - 196*q**2 + 392*q + 5. What is d(2)?
45
Let j(a) = 71*a**2 - 217*a - 1111. Give j(6).
143
Let m(p) = -p**3 + 300*p**2 - 4575*p + 8825. Determine m(284).
21
Let l(n) = -3*n**2 - 2468*n + 12321. Determine l(5).
-94
Let n(o) = o**3 + 34*o**2 + 101*o + 641. Determine n(-33).
-1603
Let h(c) = 30*c**2 - 550*c - 2433. Calculate h(22).
-13
Let c(p) = -9467*p - 5964232. Give c(-630).
-22
Let b(r) = 17*r**3 - 54*r**2 + 4412*r - 13190. Give b(3).
19
Let v(j) = -2*j**3 - 89*j**2 - 42*j - 4822. Give v(-45).
-907
Let a(h) = -h**3 + 59*h**2 + 14*h - 890. Give a(59).
-64
Let u(l) = 56*l - 3431. Give u(34).
-1527
Let k(l) = 86*l**3 + 107*l**2 - 12*l - 17. Determine k(-2).
-253
Let q(l) = -l**3 + 177*l**2 + 399*l - 7336. What is q(179)?
3
Let r(p) = 96*p**3 + 688*p**2 + 75*p + 1. Calculate r(-7).
260
Let b(i) = -26453*i + 264526. What is b(10)?
-4
Let k(g) = -512*g - 110131. Determine k(-215).
-51
Let v(t) = -6*t**3 - 235*t**2 + 195*t - 36. Determine v(-40).
164
Let o(n) = -21*n**2 + 881*n + 6250. Determine o(-7).
-946
Let g(d) = -3*d**3 - 12*d**2 - 35*d + 9. What is g(-4)?
149
Let u(q) = q**2 - 68751*q + 1786837. Determine u(26).
-13
Let q(x) = 2*x**2 - 1534*x + 56222. What is q(37)?
2202
Let k(u) = 4*u**3 - 10*u**2 - 19*u + 141. What is k(7)?
890
Let j(z) = 2*z**3 + 120*z**2 + 18*z + 185. Determine j(-60).
-895
Let m(t) = -t**3 - 59*t**2 + 128*t + 454. Determine m(-61).
88
Let q(n) = n**3 - 124*n**2 - 4334*n + 502028. D